prime factors of ((0 - -17)*-1)/x.
17
Let c = 257 + -7. List the prime factors of c.
2, 5
Suppose 0 = -5*o + 3*o + g + 14, 0 = -4*o + g + 30. Let n(u) = 11 - 11 - u + 5 + o. List the prime factors of n(9).
2
Suppose 5*n = 164 - 24. What are the prime factors of n?
2, 7
Let f = -17 + 17. Suppose i + 5*u - 4 = f, 0 = i + 4*u + 1 - 7. List the prime factors of i.
2, 7
Let m(d) = d**2 + 11*d + 7. Let j be m(-9). Let k = 26 + j. List the prime factors of k.
3, 5
Let u = -6 + 14. Suppose 68 - u = 4*q. What are the prime factors of q?
3, 5
Suppose -10 = -5*l + 20. Let h be 128/(-12) - 2/l. Let j = h - -16. List the prime factors of j.
5
Let i(q) = q**3 + 2*q**2 - 2*q - 3. Let m be i(-3). Let g be (-1)/3 + 16/(-6). Let x = g - m. What are the prime factors of x?
3
Suppose 0 = -0*s + 2*s - 2*i - 72, 4*s + 2*i = 114. List the prime factors of s.
31
Suppose -2*u - 1 = -3*x, -2*x + 6*u = 3*u + 6. Let l(z) be the third derivative of z**5/60 + z**3/3 - 2*z**2. List the prime factors of l(x).
11
List the prime factors of ((-15)/(-30))/(1/94).
47
Suppose 2*n + 394 = 2*x - 3*n, -3*x + 557 = n. What are the prime factors of x?
11, 17
Let o(f) = f - 8. Let d be o(8). Suppose d = -3*r + 2*h + 8, 0 = -2*h - h - 12. What are the prime factors of 6 + r*(-2)/6?
2, 3
Let l(s) = s + 5. Let c = -2 - -6. What are the prime factors of l(c)?
3
Suppose -4*n + 16 = -0*n. Let b be 2*(10/n)/5. Let q = 4 + b. What are the prime factors of q?
5
Let b(u) = u**2 + 2*u - 7. What are the prime factors of b(-6)?
17
Suppose -q - 7 = -5*w, 0 = -2*w - 4*q + 7 + 9. Let h(t) = -t**3 + w*t**3 - 3*t + 0*t**3 - t + 5*t**2. List the prime factors of h(-5).
2, 5
Let n = 4 + 37. List the prime factors of n.
41
Let g(j) = -j**2 - 25*j - 9. What are the prime factors of g(-10)?
3, 47
Suppose -2 + 0 = -v, 4*v - 57 = -m. List the prime factors of m.
7
Let s be (-1)/(-3) - (-10)/15. Let h be (7 - 224) + (2 - s). What are the prime factors of (-2)/7 + h/(-21)?
2, 5
What are the prime factors of (4 - -1) + -2 + 22?
5
Suppose -2*z + 13 = 5*u - 8, 15 = 5*z. Suppose 9 = -2*n + u*n. List the prime factors of n.
3
Let s(q) be the third derivative of q**5/15 - q**4/12 + q**3/3 + 6*q**2. What are the prime factors of s(-2)?
2, 11
Let i = 18 - 4. What are the prime factors of i?
2, 7
Let j(r) = r**2 + 10*r - 3. Let y = -3 - -8. Let s(f) = f**2 + 11*f - 4. Let c(i) = y*j(i) - 4*s(i). List the prime factors of c(-7).
2
Let c = -21 - -13. Let z = c - -12. What are the prime factors of z?
2
Let a(h) = -h**2 - 6*h + 9. Let t be a(-7). Suppose -g + 3*v + 30 = 0, -t*g + 19 = -3*v - 29. What are the prime factors of g?
2, 3
Let x(b) = b**2 - 9*b + 8. Let t be x(7). Suppose 5*m - 3*w + 8*w = 70, -3*m + 17 = -2*w. Let g = m + t. List the prime factors of g.
3
Let i(n) = n**2 + 9*n + 2. What are the prime factors of i(6)?
2, 23
Suppose 115 = 4*r - 5*y, 2*r + 2*y = 4*r - 58. What are the prime factors of r?
2, 3, 5
Let k be (-2 - 6)/(4/(-2)). Let m = k + -2. What are the prime factors of m?
2
Let k(w) = w**3 + 4*w + 2 - 2*w + w**2 - 3*w**2 + w**3. List the prime factors of k(2).
2, 7
Let z(f) = 5*f**2. Let w(g) = 11*g**2 + g + 1. Let m(b) = -3*w(b) + 7*z(b). Let y(q) = -q**3 + 4*q**2 + 5*q + 3. Let l be y(5). List the prime factors of m(l).
2, 3
Let a = -18 + 21. Suppose -6*v + 84 = -a*v. What are the prime factors of v?
2, 7
Suppose 2*a + 14 = -x, 3*x = 4*x - 3*a - 11. Let c(d) = d**3 + 3*d**2 - 6*d - 4. Let p be c(x). Suppose -2*q + 24 = p. What are the prime factors of q?
2, 5
Let z = 5 + -6. What are the prime factors of z/(-1) + (1 - 0)?
2
Let r = -6 - -9. Let z be 1/(r/12) + 1. Suppose -h - 49 = -3*y, 0 = -y - h + z + 18. List the prime factors of y.
2, 3
Suppose 105 = b - 62. What are the prime factors of b?
167
Let z = 723 - 470. List the prime factors of z.
11, 23
Suppose 2*s = x + 6, s = 4*s - 3*x - 6. Let b(r) = -r**2 + 4*r + 2. Let j be b(s). Suppose 0*k = k - j. What are the prime factors of k?
2
Let r(a) = 3*a**2 + 4*a - 1. Let y(n) = n**2 - n - 1. Let u(j) = -r(j) + 2*y(j). What are the prime factors of u(-4)?
7
Let v = 27 + -28. What are the prime factors of (v - -2)/(7/301)?
43
Let v(k) = 3*k**2 - 2*k + 2. Suppose 2*x - 54 = -x. Suppose -x = -4*z + 2*o, -2*z - o = -2 + 3. What are the prime factors of v(z)?
2, 5
Suppose -4 = -2*q - 6. List the prime factors of 0 - (3 - (-6)/q).
3
Let d = 9 - 7. Suppose -d*j - 124 = -6*j. What are the prime factors of j?
31
Let k(i) = -i + 3. Let p be (4 - 3)*(1 - 1). Let s = 0 + p. What are the prime factors of k(s)?
3
Let x = 21 + -13. Suppose 0 = h + m - 37, 3*m - x = 7. List the prime factors of h.
2
Let c = 12 - 10. Suppose c*f - f = 15. List the prime factors of f.
3, 5
Let i(l) = 4*l**2 - 2*l + 1. What are the prime factors of i(2)?
13
Let f be 4/(2 - -1 - 1). Suppose -2*r = -5*r - f*z - 8, 4*r + 4*z + 16 = 0. What are the prime factors of r + 0 - -1*3?
3
Let g = -3 - -4. Let f(t) be the third derivative of 19*t**4/24 - 2*t**2. List the prime factors of f(g).
19
Suppose -2*k = -0*k - 348. List the prime factors of k.
2, 3, 29
Let w(s) = 4*s**2 - 5*s + 1. Let k(i) = -5*i**2 + 6*i. Let z(b) = 5*k(b) + 6*w(b). What are the prime factors of z(0)?
2, 3
Let v(m) = 11*m + 7. List the prime factors of v(7).
2, 3, 7
Let c be 9 - (2 + 0) - 2. Suppose -4*d - 4*v + 15 = -5*d, 25 = c*v. Suppose 4*y + 2 = d*y. List the prime factors of y.
2
Let t(k) = k - 3. Let w be t(8). Suppose 5*j + 3*u = w, 2*j + 3*u + 5 = -2. What are the prime factors of j?
2
Suppose -3*t = -2*y - 11, 2*y + 15 = 4*t - 5*t. Let a(i) = i**3 + 6*i**2 - 8*i. Let k be a(y). List the prime factors of (-1)/(-1*1/k).
7
List the prime factors of (49 + -3)*(-68)/(-24)*3.
17, 23
Suppose 6*p - 54 = -2*m + 4*p, 4*p = -4. What are the prime factors of m?
2, 7
Let p = 102 + -26. List the prime factors of p.
2, 19
Let z be 2 + 94 + 0/(-2). Suppose 3*j - z = -j. What are the prime factors of j?
2, 3
Let g be -31 + (-3)/(-9)*3. Let b = 42 + g. Suppose 3*o - 6*o = -b. What are the prime factors of o?
2
Suppose 111 + 29 = 4*s. List the prime factors of (-9)/6 - s/(-2).
2
Let c(m) = -2*m**3 + 4*m**2 + 4*m + 6. List the prime factors of c(-2).
2, 3, 5
Suppose 5*z + 3 = -3*o, -z = 4*o + z - 10. Suppose 2*f + 2*u = -2*u - 70, o*u - 189 = 5*f. Let x = -26 - f. List the prime factors of x.
11
Let h be 8/(-20) + 24/10. Suppose -q + 3 = -h*g - 3, 0 = 4*q + 3*g + 20. Let a = 1 - q. List the prime factors of a.
3
Suppose 3*w + 18 = -3*c, 16 = -0*w - 5*w + 2*c. What are the prime factors of 14/(w - 90/(-21))?
7
Let o(p) = -19*p**2 - 1. Let m be o(-1). Let a = -10 - m. What are the prime factors of a?
2, 5
Let y be (-4)/(-14) + 810/7. What are the prime factors of y/10 - 6/(-15)?
2, 3
Let y(h) be the first derivative of -3*h**4/4 - h**2/2 + 10. What are the prime factors of y(-1)?
2
Let m be 2/(-2)*(16 - 4). List the prime factors of ((-6)/9)/(1/m).
2
Let l = 4 - 2. Let y = l + 6. List the prime factors of y.
2
Suppose 2 = -2*y - 0, 0 = -4*l - 5*y + 95. Let n = 54 - l. What are the prime factors of n?
29
Let j(k) = 2 + 2 + k - 2*k + 4. What are the prime factors of j(-6)?
2, 7
Suppose g + 2*h + 2 = 4*h, -20 = g + 4*h. Let o = g - -14. What are the prime factors of o?
2, 3
Let d be 5 + (0 - -1 - 0). List the prime factors of (3/d)/((-1)/(-20)).
2, 5
Let h(k) = -5*k - 3. Let q be h(3). What are the prime factors of (-346)/q + (-2)/9?
19
Let m = 73 + -63. Let y(f) = -f - 2. Let x be y(-6). Suppose 0 = -x*o + 4*q + 32, -o - 5*q - m = 4*o. List the prime factors of o.
3
Let y be (3/9)/((-2)/(-12)). Let f(u) = -3*u + 9 + y*u + 0*u. List the prime factors of f(7).
2
Let z = -24 - -22. Let k(g) = -6*g**3 + g + 2. List the prime factors of k(z).
2, 3
Suppose 5 = a - 5. List the prime factors of a.
2, 5
Suppose -2 + 12 = 2*m. Let w be (m/(-2))/(1/(-14)). Let o = -14 + w. List the prime factors of o.
3, 7
Suppose -4*g + 1 = -7. Let o be 2*-1 - (0 + g). List the prime factors of o*(5/(-1) + 1).
2
Let x(z) = -51*z + 9. List the prime factors of x(-4).
3, 71
Let w = 65 + -43. List the prime factors of w.
2, 11
Let w(a) = -209*a**2. Let t(x) = 8*x**2. Let c(l) = -77*t(l) - 3*w(l). List the prime factors of c(-1).
11
Let q be -3*3*(-2)/9. What are the prime factors of -41*1/q*-2?
41
Let v = -11 + 16. Suppose -v*h - 5*o + 16 = -179, 2*h = -3*o + 79